058*a + 322282. What is t(40)?
-38
Let k(q) = q**2 + 3137*q - 156107. What is k(49)?
7
Let m(l) = 8496*l - 1920053. Determine m(226).
43
Let s(r) = 6*r**2 + 92*r - 15. Give s(-18).
273
Let a(g) = 1298*g - 1490. Determine a(1).
-192
Let m(q) = -3*q**3 + 60*q**2 - 172*q + 173. Calculate m(17).
-150
Let x(i) = 2*i**3 - 54*i**2 - 3809*i + 96. Calculate x(-32).
1152
Let u(r) = -r**3 - 501*r**2 + 5141*r + 15847. Determine u(-511).
6
Let a(c) = 8*c**2 - 2759*c - 37248. What is a(-13)?
-29
Let s(q) = -5*q**2 - 43917*q - 219553. What is s(-5)?
-93
Let z(u) = 15*u**2 - 4210*u - 5639. Calculate z(282).
1
Let a(l) = l**3 + 27*l**2 - 294*l + 5. Calculate a(-35).
495
Let p(c) = -8367*c + 1740344. Determine p(208).
8
Let r(z) = -2*z**3 - 31*z**2 - 33018*z - 528512. Give r(-16).
32
Let r(y) = -y**3 - 4*y + 2227. What is r(0)?
2227
Let y(l) = -2*l**3 + 183*l**2 - 2195*l - 2783. What is y(77)?
143
Let i(g) = -2*g**2 - 55*g + 787. What is i(22)?
-1391
Let s(n) = -3638*n - 10458. Calculate s(-3).
456
Let z(r) = 152*r + 2762. Calculate z(-20).
-278
Let c(f) = -1966*f - 137598. What is c(-70)?
22
Let x(s) = 7*s**2 + 27181*s - 272503. What is x(10)?
7
Let n(u) = -13035*u - 52239. Calculate n(-4).
-99
Let k(b) = b**3 + 623*b**2 + 42980*b + 2193. Give k(-544).
17
Let y(p) = -23259*p - 2558497. Calculate y(-110).
-7
Let u(q) = -q**3 + 561*q**2 - 1788*q + 63609. Calculate u(558).
-3
Let q(j) = -j**2 + 1729*j - 27341. What is q(16)?
67
Let k(p) = p**2 + 62*p - 3415. Determine k(43).
1100
Let j(h) = h**3 + 205*h**2 + 8347*h + 51. Calculate j(-56).
-117
Let a(t) = t**2 + 9193*t - 443748. Determine a(48).
-180
Let l(i) = 2*i**2 + 68082*i + 884688. Give l(-13).
-40
Let s(x) = -241827*x + 4352884. Give s(18).
-2
Let s(q) = 37499*q + 337489. What is s(-9)?
-2
Let o(g) = 260*g + 3335. Give o(-13).
-45
Let v(r) = r**3 - 22*r**2 - 296*r - 154. What is v(-9)?
-1
Let n(l) = -17*l**2 + 62*l + 17. Determine n(8).
-575
Let q(p) = -529*p + 231149. What is q(437)?
-24
Let o(d) = -d**2 - 264*d + 22540. What is o(68)?
-36
Let x(d) = -8124*d - 6296. Calculate x(-1).
1828
Let x(k) = 1132*k - 391678. Determine x(346).
-6
Let h(n) = -12177*n - 535905. Give h(-44).
-117
Let d(n) = 40*n**2 - 4022*n - 1803. Determine d(101).
15
Let f(u) = u**3 + 61*u**2 - 709*u + 5313. Calculate f(-72).
-663
Let p(m) = -92*m**2 + 190*m + 5. Calculate p(4).
-707
Let i(p) = p**3 - 6*p**2 + 2520*p - 17659. What is i(7)?
30
Let m(b) = -641*b**2 + 10541*b - 10545. What is m(1)?
-645
Let d(b) = 2141*b + 100849. Determine d(-46).
2363
Let x(h) = 32228*h**2 + 161128*h + 1. Determine x(-5).
61
Let f(d) = 3*d**3 - 478*d**2 - 310*d - 1947. Determine f(160).
-347
Let p(k) = k**3 - 4*k**2 + 535*k - 5955. What is p(10)?
-5
Let l(h) = 12370*h + 74007. Determine l(-6).
-213
Let i(b) = -712*b + 178725. Calculate i(251).
13
Let v(k) = 336*k + 2665. Give v(-10).
-695
Let s(x) = -4*x**2 - 3988*x - 55055. What is s(-14)?
-7
Let i(l) = -l**3 + 3*l**2 + 438*l + 2526. Calculate i(-15).
6
Let a(z) = -3*z**3 + 84*z**2 + 224*z - 4615. What is a(29)?
-642
Let h(d) = 5*d**3 - 162*d**2 + 334*d + 367. Calculate h(3).
46
Let a(s) = -s**2 + 723*s + 5766. Determine a(-8).
-82
Let r(v) = 1553*v**2 - 9062*v - 1533. Determine r(6).
3
Let w(f) = -2*f**2 - 3053*f + 37255. Determine w(12).
331
Let a(j) = -17*j**2 - 4919*j - 1761. Determine a(-289).
-27
Let z(j) = 12441*j - 87145. Determine z(7).
-58
Let v(d) = 4*d**3 + 404*d**2 - 414*d - 604. Determine v(-102).
8
Let u(l) = -4*l**2 - 60*l + 2579. What is u(19)?
-5
Let u(d) = -2*d**3 - 124*d**2 - 1517*d + 6860. What is u(-42)?
14
Let h(g) = 7*g**2 - 3646*g - 49090. Give h(534).
38
Let z(r) = 2*r**3 - 75*r**2 - 31*r - 228. Determine z(38).
38
Let b(i) = i**2 + 47*i - 14129. Determine b(-145).
81
Let v(a) = -389250*a + 1946251. Calculate v(5).
1
Let p(i) = -i**3 - 7945*i**2 - 23829*i - 6. Determine p(-3).
3
Let y(b) = b**2 + 21734*b + 1300416. What is y(-60)?
-24
Let w(s) = 2*s**3 - 460*s**2 + 10*s - 2120. What is w(230)?
180
Let l(r) = -r**2 + 384*r + 2365. Calculate l(391).
-372
Let s(z) = 4*z**2 + 4231*z - 203084. Give s(46).
6
Let b(k) = k**2 + 61*k + 83. Give b(-39).
-775
Let n(k) = 2*k**2 + 152*k + 597. Give n(-79).
1071
Let s(i) = -3*i**2 - 256*i + 3873. Calculate s(20).
-2447
Let u(d) = 47*d**2 - 2924*d + 3444. What is u(61)?
-33
Let i(r) = 115*r - 5739. Determine i(33).
-1944
Let z(i) = 3200*i + 22282. What is z(-7)?
-118
Let k(p) = 9084*p - 172612. Determine k(19).
-16
Let l(b) = 398*b + 50357. Determine l(-127).
-189
Let o(c) = c**2 + 18423*c - 997750. What is o(54)?
8
Let f(p) = -2*p**2 - 137259*p + 686299. What is f(5)?
-46
Let i(a) = 2*a**2 - 350*a - 4495. What is i(-12)?
-7
Let p(i) = 211251*i + 2112508. Determine p(-10).
-2
Let x(r) = -29*r + 586. What is x(44)?
-690
Let z(m) = -11*m**2 - 389*m - 2621. Determine z(-7).
-437
Let j(c) = c**3 - 5*c**2 + 2755*c - 16562. Determine j(6).
4
Let j(o) = 27*o**2 - 1313*o - 461. What is j(49)?
29
Let d(s) = 90*s - 537. Calculate d(13).
633
Let f(b) = -2*b**3 - 48*b**2 - 190*b - 651. Determine f(-20).
-51
Let k(v) = 3*v**3 - 1210*v**2 - 786*v - 8903. Determine k(404).
-15
Let p(h) = -1361*h - 47863. What is p(-39)?
5216
Let h(b) = 13*b**2 + 2062*b + 24543. What is h(-13)?
-66
Let s(v) = 2*v**3 + 411*v**2 + 1409*v + 795. Calculate s(-202).
1805
Let d(s) = -s**3 + 32*s**2 - 147*s + 1201. Give d(28).
221
Let c(h) = -3*h**3 - 20*h**2 - 21*h - 282. Give c(-8).
142
Let w(b) = 694662*b - 13198572. Give w(19).
6
Let q(n) = 41*n**2 + 598*n + 20. Give q(-13).
-825
Let j(z) = 2*z**3 - 41*z**2 - 449*z + 690. Give j(28).
-122
Let o(l) = -909*l - 8396. What is o(-9)?
-215
Let b(s) = -5*s**2 + 1569*s - 33195. Determine b(291).
-21
Let b(s) = 537582*s + 11826817. Give b(-22).
13
Let u(z) = -z**3 - 138*z**2 + 8553*z - 26268. Calculate u(-185).
2
Let s(p) = -p**3 - 21*p**2 - 1503*p - 33564. Determine s(-22).
-14
Let p(l) = -16*l**2 + 14*l - 44. Calculate p(7).
-730
Let s(k) = k**2 + 54*k + 2277. Determine s(-62).
2773
Let w(s) = 1915*s - 23095. Calculate w(12).
-115
Let w(s) = -s**3 - 19*s**2 + 1955*s + 47673. Give w(-28).
-11
Let b(a) = 17117*a - 376674. Give b(22).
-100
Let b(x) = -898*x - 8674. What is b(-10)?
306
Let i(o) = 32*o**2 - 44*o - 186. Determine i(10).
2574
Let n(a) = 2*a**3 - 12*a**2 - 92*a - 246. Determine n(-6).
-558
Let p(z) = -14735*z - 1753465. Determine p(-119).
0
Let p(t) = 1783*t + 62459. Calculate p(-35).
54
Let q(x) = 141*x - 8104. Give q(61).
497
Let k(t) = -8959*t + 116190. What is k(13)?
-277
Let u(m) = -931230*m + 3724922. Determine u(4).
2
Let q(z) = -17*z**2 - 30359*z - 60716. Determine q(-2).
-66
Let y(x) = -49*x**2 - 2*x - 6. Give y(-1).
-53
Let z(x) = -x**2 - 107*x - 772. Determine z(-95).
368
Let x(u) = -5174*u - 181081. What is x(-35)?
9
Let p(t) = -2*t**3 - 223*t**2 - 1938*t - 13. Calculate p(-102).
-13
Let i(b) = b**3 + 295*b**2 + 9321*b - 464. Determine i(-259).
313
Let i(g) = 238*g + 6584. What is i(-22)?
1348
Let o(v) = 5*v**2 + 16*v - 9036. Give o(-43).
-479
Let o(v) = 292*v - 367. Give o(-3).
-1243
Let n(v) = 2*v**3 + 132*v**2 - 1514*v - 336. Determine n(-76).
-792
Let g(a) = -2*a**2 + 1865*a - 311526. Determine g(218).
-4
Let d(t) = -t**3 - 201*t**2 - 1376*t - 3528. What is d(-194)?
-36
Let u(c) = 7*c**3 - 263*c**2 - 332*c - 9. Give u(39).
2253
Let k(y) = 7*y**2 + 692*y + 7819. Give k(-13).
6
Let p(u) = -55*u**2 - 863*u - 47. Determine p(-19).
-3505
Let j(f) = f**2 + 2056*f + 38705. What is j(-19)?
2
Let b(t) = t**3 + 22*t**2 - 334*t + 263. What is b(-35)?
-3972
Let u(g) = -7*g**3 + 1148*g**2 - 2270*g + 324. Give u(162).
0
Let x(r) = -6609*r + 2147989. Determine x(325).
64
Let y(o) = -11*o**2 - 164*o - 1998. Give y(-12).
-1614
Let a(o) = 2*o**3 + 163*o**2 + 860*o + 1862. Determine a(-76).
38
Let w(s) = 4*s**2 + 572*s + 19816. Give w(-59).
-8
Let f(j) = -j**2 - 43*j + 2863. What is f(37)?
-97
Let l(n) = -108363*n + 108326. Determine l(1).
-37
Let m(o) = -54*o - 3567. Determine m(-73).
375
Let b(v) = 17*v**2 + 229*v - 31. What is b(-13)?
-135
Let c(m) = -6*m**3 + 100*m**2 + 562*m - 10013. Give c(16).
3
Let d(h) = -6*h**2 - 50658*h + 253351. What is d(5)?
-89
Let z(y) = 54952*y - 54081. Calculate z(1).
871
Let o(u) = 429*u**2 - 4325*u + 13. What is o(10)?
-337
Let n(d) = -944*d + 8251. Determine n(11).
-2133
Let y(s) = 5*s